the millions digit of 1656214815?
6
What is the hundred thousands digit of 552998491?
9
What is the ten millions digit of 2613019120?
1
What is the ten thousands digit of 640253953?
5
What is the ten thousands digit of 653172216?
7
What is the hundred thousands digit of 1415723913?
7
What is the thousands digit of 117712101?
2
What is the ten thousands digit of 84381337?
8
What is the hundreds digit of 420426691?
6
What is the hundred thousands digit of 20464682?
4
What is the thousands digit of 3069135817?
5
What is the billions digit of 4480879297?
4
What is the units digit of 51266562?
2
What is the hundreds digit of 56796050?
0
What is the thousands digit of 495291087?
1
What is the hundred thousands digit of 980195397?
1
What is the hundred millions digit of 142785458?
1
What is the ten millions digit of 75554470?
7
What is the hundreds digit of 2161902666?
6
What is the ten thousands digit of 1686593400?
9
What is the units digit of 175841224?
4
What is the units digit of 2291520440?
0
What is the units digit of 36510143?
3
What is the tens digit of 908406370?
7
What is the units digit of 67973626?
6
What is the tens digit of 126031715?
1
What is the hundred thousands digit of 9985956?
9
What is the thousands digit of 456482681?
2
What is the tens digit of 4320496964?
6
What is the ten millions digit of 22447295?
2
What is the ten millions digit of 220819980?
2
What is the thousands digit of 463300534?
0
What is the hundreds digit of 838980212?
2
What is the ten millions digit of 86397496?
8
What is the ten millions digit of 464824828?
6
What is the millions digit of 89868140?
9
What is the millions digit of 537988163?
7
What is the hundred millions digit of 235878071?
2
What is the hundreds digit of 835351869?
8
What is the hundreds digit of 3944687750?
7
What is the hundred thousands digit of 43974630?
9
What is the hundreds digit of 284475669?
6
What is the hundred millions digit of 163921180?
1
What is the billions digit of 2274303360?
2
What is the ten millions digit of 1491625049?
9
What is the ten thousands digit of 158749489?
4
What is the ten thousands digit of 1158810603?
1
What is the millions digit of 15955652?
5
What is the millions digit of 72445642?
2
What is the hundreds digit of 2720786198?
1
What is the units digit of 480648599?
9
What is the millions digit of 634986285?
4
What is the hundred thousands digit of 21779270?
7
What is the hundreds digit of 703940083?
0
What is the ten thousands digit of 616133399?
3
What is the ten thousands digit of 524723036?
2
What is the hundred thousands digit of 8696329?
6
What is the thousands digit of 9328102?
8
What is the thousands digit of 1497958502?
8
What is the millions digit of 186852444?
6
What is the thousands digit of 4440743008?
3
What is the hundred thousands digit of 701969792?
9
What is the tens digit of 133513594?
9
What is the tens digit of 89622684?
8
What is the thousands digit of 133993108?
3
What is the ten thousands digit of 1059543148?
4
What is the hundreds digit of 41011912?
9
What is the units digit of 18671880?
0
What is the millions digit of 131014627?
1
What is the units digit of 17681360?
0
What is the hundreds digit of 47647741?
7
What is the tens digit of 3103455326?
2
What is the units digit of 7960547431?
1
What is the ten thousands digit of 3023880?
2
What is the billions digit of 2479526602?
2
What is the ten millions digit of 2071281317?
7
What is the hundred thousands digit of 7894915?
8
What is the tens digit of 30087479?
7
What is the hundreds digit of 48855997?
9
What is the ten thousands digit of 37681196?
8
What is the units digit of 66755376?
6
What is the millions digit of 614280387?
4
What is the units digit of 1916274282?
2
What is the ten millions digit of 1895141278?
9
What is the hundred thousands digit of 35997206?
9
What is the units digit of 1953732194?
4
What is the millions digit of 239740534?
9
What is the units digit of 1257820424?
4
What is the hundreds digit of 8428110?
1
What is the hundred thousands digit of 944369146?
3
What is the tens digit of 1034678348?
4
What is the units digit of 7102428?
8
What is the tens digit of 554433155?
5
What is the thousands digit of 267295688?
5
What is the hundreds digit of 304361872?
8
What is the hundred thousands digit of 2070314343?
3
What is the ten thousands digit of 99211538?
1
What is the ten millions digit of 1359560783?
5
What is the units digit of 747099250?
0
What is the thousands digit of 829870787?
0
What is the ten thousands digit of 71592955?
9
What is the ten millions digit of 304446369?
0
What is the ten millions digit of 216130379?
1
What is the hundreds digit of 60630644?
6
What is the millions digit of 40091798?
0
What is the units digit of 1865896999?
9
What is the thousands digit of 90644615?
4
What is the ten millions digit of 13906444?
1
What is the thousands digit of 52514041?
4
What is the hundred millions digit of 110707722?
1
What is the hundreds digit of 16633978?
9
What is the hundred millions digit of 488684906?
4
What is the tens digit of 1025907?
0
What is the millions digit of 605083731?
5
What is the thousands digit of 67006888?
6
What is the millions digit of 16466881?
6
What is the ten thousands digit of 93922691?
2
What is the billions digit of 1272367392?
1
What is the thousands digit of 743649630?
9
What is the tens digit of 220918032?
3
What is the hundred millions digit of 984692195?
9
What is the ten thousands digit of 306234979?
3
What is the thousands digit of 254153372?
3
What is the thousands digit of 384815489?
5
What is the ten thousands digit of 2604673279?
7
What is the ten thousands digit of 2230903016?
0
What is the hundred thousands digit of 714716390?
7
What is the hundred millions digit of 117392125?
1
What is the hundred thousands digit of 2026685197?
6
What is the millions digit of 18998891?
8
What is the billions digit of 3449297834?
3
What is the hundred thousands digit of 941594101?
5
What is the thousands digit of 47587426?
7
What is the hundred thousands digit of 1573516413?
5
What is the millions digit of 21534600?
1
What is the ten thousands digit of 3365327065?
2
What is the hundreds digit of 180921219?
2
What is the thousands digit of 1117189587?
9
What is the ten millions digit of 217935286?
1
What is the units digit of 31179619?
9
What is the units digit of 545651405?
5
What is the hundred thousands digit of 52152862?
1
What is the units digit of 153452178?
8
What is the billions digit of 1012143808?
1
What is the ten millions digit of 388392764?
8
What is the millions digit of 132869902?
2
What is the hundreds digit of 89157622?
6
What is the hundreds digit of 382489492?
4
What is the ten millions digit of 251741638?
5
What is the thousands digit of 2630929621?
9
What is the hundred millions digit of 179483241?
1
What is the hundred thousands digit of 84972480?
9
What is the hundred thousands digit of 882412431?
4
What is the thousands digit of 418899397?
9
What is the tens digit of 902755927?
2
What is the thousands digit of 751464021?
4
What is the hundred thousands digit of 2433588910?
5
What is the ten millions digit of 1762908073?
6
What is the hundreds digit of 29564709?
7
What is the ten thousands digit of 224390538?
9
What is the ten millions digit of 2246137360?
4
What is the hundreds digit of 163999763?
7
What is the hundreds digit of 470086723?
7
What is the ten thousands digit of 504677577?
7
What is the hundreds digit of 120562392?
3
What is the units digit of 274171614?
4
What is the thousands digit of 8344805?
4
What is the units digit of 388730783?
3
What is the ten millions digit of 28869343?
2
What is the hundred millions digit of 546742705?
5
What is the millions digit of 122415611?
2
What is the hundreds digit of 387183993?
9
What is the hundred thousands digit of 1244641831?
6
What is the thousands digit of 2638475266?
5
What is the thousands digit of 390853909?
3
What is the ten millions digit of 5370906066?
7
What is the thousands digit of 2495438408?
8
What is the hundreds digit of 146543223?
2
What is the hundreds digit of 851461917?
9
What is the ten millions digit of 779060405?
7
What is the thousands digit of 619495603?
5
What is the tens digit of 801663048?
4
What is the ten thousands 